[INFO] cloning repository https://github.com/Limeth/obs-shaderfilter-plus
[INFO] running `Command { std: "git" "-c" "credential.helper=" "-c" "credential.helper=/workspace/cargo-home/bin/git-credential-null" "clone" "--bare" "https://github.com/Limeth/obs-shaderfilter-plus" "/workspace/cache/git-repos/https%3A%2F%2Fgithub.com%2FLimeth%2Fobs-shaderfilter-plus", kill_on_drop: false }`
[INFO] [stderr] Cloning into bare repository '/workspace/cache/git-repos/https%3A%2F%2Fgithub.com%2FLimeth%2Fobs-shaderfilter-plus'...
[INFO] running `Command { std: "git" "rev-parse" "HEAD", kill_on_drop: false }`
[INFO] [stdout] 4015d406b5686e0324431751ef02912f6bc9ac35
[INFO] checking Limeth/obs-shaderfilter-plus against try#72f88fc4e9458f89516a0b8b0868f3718aec5b47 for pr-74989
[INFO] running `Command { std: "git" "clone" "/workspace/cache/git-repos/https%3A%2F%2Fgithub.com%2FLimeth%2Fobs-shaderfilter-plus" "/workspace/builds/worker-0/source", kill_on_drop: false }`
[INFO] [stderr] Cloning into '/workspace/builds/worker-0/source'...
[INFO] [stderr] done.
[INFO] validating manifest of git repo https://github.com/Limeth/obs-shaderfilter-plus on toolchain 72f88fc4e9458f89516a0b8b0868f3718aec5b47
[INFO] running `Command { std: "/workspace/cargo-home/bin/cargo" "+72f88fc4e9458f89516a0b8b0868f3718aec5b47" "read-manifest" "--manifest-path" "Cargo.toml", kill_on_drop: false }`
[INFO] started tweaking git repo https://github.com/Limeth/obs-shaderfilter-plus
[INFO] finished tweaking git repo https://github.com/Limeth/obs-shaderfilter-plus
[INFO] tweaked toml for git repo https://github.com/Limeth/obs-shaderfilter-plus written to /workspace/builds/worker-0/source/Cargo.toml
[INFO] crate git repo https://github.com/Limeth/obs-shaderfilter-plus already has a lockfile, it will not be regenerated
[INFO] running `Command { std: "/workspace/cargo-home/bin/cargo" "+72f88fc4e9458f89516a0b8b0868f3718aec5b47" "fetch" "--locked" "--manifest-path" "Cargo.toml", kill_on_drop: false }`
[INFO] [stderr]     Blocking waiting for file lock on package cache
[INFO] [stderr]     Updating git repository `https://github.com/Limeth/rust-obs-plugins`
[INFO] [stderr]     Blocking waiting for file lock on package cache
[INFO] [stderr]  Downloading crates ...
[INFO] [stderr]   Downloaded safe-transmute v0.11.0-rc.2
[INFO] running `Command { std: "docker" "create" "-v" "/var/lib/crater-agent-workspace/builds/worker-0/target:/opt/rustwide/target:rw,Z" "-v" "/var/lib/crater-agent-workspace/builds/worker-0/source:/opt/rustwide/workdir:ro,Z" "-v" "/var/lib/crater-agent-workspace/cargo-home:/opt/rustwide/cargo-home:ro,Z" "-v" "/var/lib/crater-agent-workspace/rustup-home:/opt/rustwide/rustup-home:ro,Z" "-e" "SOURCE_DIR=/opt/rustwide/workdir" "-e" "CARGO_TARGET_DIR=/opt/rustwide/target" "-e" "CARGO_HOME=/opt/rustwide/cargo-home" "-e" "RUSTUP_HOME=/opt/rustwide/rustup-home" "-w" "/opt/rustwide/workdir" "-m" "1610612736" "--user" "0:0" "--network" "none" "rustops/crates-build-env@sha256:d92eaeed33fa75130ca1ee6c8a01d1ffb62bac859dfdfb3450e3e5d1c0146529" "/opt/rustwide/cargo-home/bin/cargo" "+72f88fc4e9458f89516a0b8b0868f3718aec5b47" "metadata" "--no-deps" "--format-version=1", kill_on_drop: false }`
[INFO] [stdout] 3ddcf1d02b503d02ca974044e3434a7e5772cbb26fd627b0d583fe2083b12494
[INFO] [stderr] WARNING: Your kernel does not support swap limit capabilities or the cgroup is not mounted. Memory limited without swap.
[INFO] running `Command { std: "docker" "start" "-a" "3ddcf1d02b503d02ca974044e3434a7e5772cbb26fd627b0d583fe2083b12494", kill_on_drop: false }`
[INFO] running `Command { std: "docker" "inspect" "3ddcf1d02b503d02ca974044e3434a7e5772cbb26fd627b0d583fe2083b12494", kill_on_drop: false }`
[INFO] running `Command { std: "docker" "rm" "-f" "3ddcf1d02b503d02ca974044e3434a7e5772cbb26fd627b0d583fe2083b12494", kill_on_drop: false }`
[INFO] [stdout] 3ddcf1d02b503d02ca974044e3434a7e5772cbb26fd627b0d583fe2083b12494
[INFO] running `Command { std: "docker" "create" "-v" "/var/lib/crater-agent-workspace/builds/worker-0/target:/opt/rustwide/target:rw,Z" "-v" "/var/lib/crater-agent-workspace/builds/worker-0/source:/opt/rustwide/workdir:ro,Z" "-v" "/var/lib/crater-agent-workspace/cargo-home:/opt/rustwide/cargo-home:ro,Z" "-v" "/var/lib/crater-agent-workspace/rustup-home:/opt/rustwide/rustup-home:ro,Z" "-e" "SOURCE_DIR=/opt/rustwide/workdir" "-e" "CARGO_TARGET_DIR=/opt/rustwide/target" "-e" "CARGO_INCREMENTAL=0" "-e" "RUST_BACKTRACE=full" "-e" "RUSTFLAGS=--cap-lints=forbid" "-e" "CARGO_HOME=/opt/rustwide/cargo-home" "-e" "RUSTUP_HOME=/opt/rustwide/rustup-home" "-w" "/opt/rustwide/workdir" "-m" "1610612736" "--user" "0:0" "--network" "none" "rustops/crates-build-env@sha256:d92eaeed33fa75130ca1ee6c8a01d1ffb62bac859dfdfb3450e3e5d1c0146529" "/opt/rustwide/cargo-home/bin/cargo" "+72f88fc4e9458f89516a0b8b0868f3718aec5b47" "check" "--frozen" "--all" "--all-targets" "--message-format=json", kill_on_drop: false }`
[INFO] [stdout] 96aead0f1b2be81c3993d350562e452b052321c4ad0ecc1751691d01bae00b78
[INFO] [stderr] WARNING: Your kernel does not support swap limit capabilities or the cgroup is not mounted. Memory limited without swap.
[INFO] running `Command { std: "docker" "start" "-a" "96aead0f1b2be81c3993d350562e452b052321c4ad0ecc1751691d01bae00b78", kill_on_drop: false }`
[INFO] [stderr]    Compiling libc v0.2.69
[INFO] [stderr]    Compiling unicode-xid v0.2.0
[INFO] [stderr]    Compiling cc v1.0.50
[INFO] [stderr]    Compiling lazy_static v1.4.0
[INFO] [stderr]    Compiling syn v1.0.17
[INFO] [stderr]    Compiling log v0.4.8
[INFO] [stderr]    Compiling bitflags v1.2.1
[INFO] [stderr]    Compiling bindgen v0.53.2
[INFO] [stderr]    Compiling lazycell v1.2.1
[INFO] [stderr]    Compiling rustc-hash v1.1.0
[INFO] [stderr]    Compiling serde v1.0.106
[INFO] [stderr]    Compiling procedural-masquerade v0.1.6
[INFO] [stderr]    Compiling proc-macro-hack v0.5.15
[INFO] [stderr]    Compiling once_cell v1.3.1
[INFO] [stderr]     Checking cfg-if v0.1.10
[INFO] [stderr]     Checking safe-transmute v0.11.0-rc.2
[INFO] [stderr]    Compiling obs-shaderfilter-plus v0.1.0 (/opt/rustwide/workdir)
[INFO] [stderr]     Checking regex-syntax v0.6.17
[INFO] [stderr]     Checking downcast-rs v1.1.1
[INFO] [stderr]     Checking apodize v1.0.0
[INFO] [stderr]    Compiling clang-sys v0.29.3
[INFO] [stderr]    Compiling nom v5.1.1
[INFO] [stderr]    Compiling num-traits v0.2.11
[INFO] [stderr]     Checking thread_local v1.0.1
[INFO] [stderr]    Compiling memchr v2.3.3
[INFO] [stderr]    Compiling proc-macro2 v1.0.10
[INFO] [stderr]    Compiling aho-corasick v0.7.10
[INFO] [stderr]    Compiling quote v1.0.3
[INFO] [stderr]    Compiling libloading v0.5.2
[INFO] [stderr]    Compiling backtrace-sys v0.1.36
[INFO] [stderr]    Compiling atty v0.2.14
[INFO] [stderr]    Compiling which v3.1.1
[INFO] [stderr]    Compiling clap v2.33.0
[INFO] [stderr]     Checking num-complex v0.2.4
[INFO] [stderr]     Checking ordered-float v1.0.2
[INFO] [stderr]    Compiling regex v1.3.7
[INFO] [stderr]     Checking backtrace v0.3.46
[INFO] [stderr]    Compiling env_logger v0.7.1
[INFO] [stderr]    Compiling cexpr v0.4.0
[INFO] [stderr]     Checking serde_json v1.0.51
[INFO] [stderr]    Compiling cstr-macros v0.1.6
[INFO] [stderr]    Compiling paste-impl v0.1.10
[INFO] [stderr]    Compiling multiversion v0.3.0
[INFO] [stderr]     Checking cstr v0.1.7
[INFO] [stderr]     Checking paste v0.1.10
[INFO] [stderr]    Compiling obs-sys v0.1.2 (https://github.com/Limeth/rust-obs-plugins#9e3ddb9b)
[INFO] [stderr]     Checking fourier v0.1.0
[INFO] [stdout] error: unexpected token
[INFO] [stdout]    --> /opt/rustwide/cargo-home/registry/src/github.com-1ecc6299db9ec823/fourier-0.1.0/src/autosort/prime_factor.rs:177:45
[INFO] [stdout]     |
[INFO] [stdout] 177 |                           scratch = $butterfly!($type, scratch, _forward);
[INFO] [stdout]     |                                               ^
[INFO] [stdout] ...
[INFO] [stdout] 245 | / make_radix_fns! {
[INFO] [stdout] 246 | |     [2, radix_2_wide, radix_2_narrow, butterfly2],
[INFO] [stdout] 247 | |     [3, radix_3_wide, radix_3_narrow, butterfly3],
[INFO] [stdout] 248 | |     [4, radix_4_wide, radix_4_narrow, butterfly4],
[INFO] [stdout] 249 | |     [8, radix_8_wide, radix_8_narrow, butterfly8]
[INFO] [stdout] 250 | | }
[INFO] [stdout]     | |_- in this macro invocation
[INFO] [stdout]     |
[INFO] [stdout]     = note: this error originates in a macro (in Nightly builds, run with -Z macro-backtrace for more info)
[INFO] [stdout] 
[INFO] [stdout] 
[INFO] [stdout] error: unexpected token
[INFO] [stdout]    --> /opt/rustwide/cargo-home/registry/src/github.com-1ecc6299db9ec823/fourier-0.1.0/src/autosort/prime_factor.rs:177:45
[INFO] [stdout]     |
[INFO] [stdout] 177 |                           scratch = $butterfly!($type, scratch, _forward);
[INFO] [stdout]     |                                               ^
[INFO] [stdout] ...
[INFO] [stdout] 245 | / make_radix_fns! {
[INFO] [stdout] 246 | |     [2, radix_2_wide, radix_2_narrow, butterfly2],
[INFO] [stdout] 247 | |     [3, radix_3_wide, radix_3_narrow, butterfly3],
[INFO] [stdout] 248 | |     [4, radix_4_wide, radix_4_narrow, butterfly4],
[INFO] [stdout] 249 | |     [8, radix_8_wide, radix_8_narrow, butterfly8]
[INFO] [stdout] 250 | | }
[INFO] [stdout]     | |_- in this macro invocation
[INFO] [stdout]     |
[INFO] [stdout]     = note: this error originates in a macro (in Nightly builds, run with -Z macro-backtrace for more info)
[INFO] [stdout] 
[INFO] [stdout] 
[INFO] [stdout] error: unexpected token
[INFO] [stdout]    --> /opt/rustwide/cargo-home/registry/src/github.com-1ecc6299db9ec823/fourier-0.1.0/src/autosort/prime_factor.rs:177:45
[INFO] [stdout]     |
[INFO] [stdout] 177 |                           scratch = $butterfly!($type, scratch, _forward);
[INFO] [stdout]     |                                               ^
[INFO] [stdout] ...
[INFO] [stdout] 245 | / make_radix_fns! {
[INFO] [stdout] 246 | |     [2, radix_2_wide, radix_2_narrow, butterfly2],
[INFO] [stdout] 247 | |     [3, radix_3_wide, radix_3_narrow, butterfly3],
[INFO] [stdout] 248 | |     [4, radix_4_wide, radix_4_narrow, butterfly4],
[INFO] [stdout] 249 | |     [8, radix_8_wide, radix_8_narrow, butterfly8]
[INFO] [stdout] 250 | | }
[INFO] [stdout]     | |_- in this macro invocation
[INFO] [stdout]     |
[INFO] [stdout]     = note: this error originates in a macro (in Nightly builds, run with -Z macro-backtrace for more info)
[INFO] [stdout] 
[INFO] [stdout] 
[INFO] [stdout] error: unexpected token
[INFO] [stdout]    --> /opt/rustwide/cargo-home/registry/src/github.com-1ecc6299db9ec823/fourier-0.1.0/src/autosort/prime_factor.rs:177:45
[INFO] [stdout]     |
[INFO] [stdout] 177 |                           scratch = $butterfly!($type, scratch, _forward);
[INFO] [stdout]     |                                               ^
[INFO] [stdout] ...
[INFO] [stdout] 245 | / make_radix_fns! {
[INFO] [stdout] 246 | |     [2, radix_2_wide, radix_2_narrow, butterfly2],
[INFO] [stdout] 247 | |     [3, radix_3_wide, radix_3_narrow, butterfly3],
[INFO] [stdout] 248 | |     [4, radix_4_wide, radix_4_narrow, butterfly4],
[INFO] [stdout] 249 | |     [8, radix_8_wide, radix_8_narrow, butterfly8]
[INFO] [stdout] 250 | | }
[INFO] [stdout]     | |_- in this macro invocation
[INFO] [stdout]     |
[INFO] [stdout]     = note: this error originates in a macro (in Nightly builds, run with -Z macro-backtrace for more info)
[INFO] [stdout] 
[INFO] [stdout] 
[INFO] [stdout] error: unexpected token
[INFO] [stdout]    --> /opt/rustwide/cargo-home/registry/src/github.com-1ecc6299db9ec823/fourier-0.1.0/src/autosort/prime_factor.rs:177:45
[INFO] [stdout]     |
[INFO] [stdout] 177 |                           scratch = $butterfly!($type, scratch, _forward);
[INFO] [stdout]     |                                               ^
[INFO] [stdout] ...
[INFO] [stdout] 245 | / make_radix_fns! {
[INFO] [stdout] 246 | |     [2, radix_2_wide, radix_2_narrow, butterfly2],
[INFO] [stdout] 247 | |     [3, radix_3_wide, radix_3_narrow, butterfly3],
[INFO] [stdout] 248 | |     [4, radix_4_wide, radix_4_narrow, butterfly4],
[INFO] [stdout] 249 | |     [8, radix_8_wide, radix_8_narrow, butterfly8]
[INFO] [stdout] 250 | | }
[INFO] [stdout]     | |_- in this macro invocation
[INFO] [stdout]     |
[INFO] [stdout]     = note: this error originates in a macro (in Nightly builds, run with -Z macro-backtrace for more info)
[INFO] [stdout] 
[INFO] [stdout] 
[INFO] [stdout] error: unexpected token
[INFO] [stdout]    --> /opt/rustwide/cargo-home/registry/src/github.com-1ecc6299db9ec823/fourier-0.1.0/src/autosort/prime_factor.rs:177:45
[INFO] [stdout]     |
[INFO] [stdout] 177 |                           scratch = $butterfly!($type, scratch, _forward);
[INFO] [stdout]     |                                               ^
[INFO] [stdout] ...
[INFO] [stdout] 245 | / make_radix_fns! {
[INFO] [stdout] 246 | |     [2, radix_2_wide, radix_2_narrow, butterfly2],
[INFO] [stdout] 247 | |     [3, radix_3_wide, radix_3_narrow, butterfly3],
[INFO] [stdout] 248 | |     [4, radix_4_wide, radix_4_narrow, butterfly4],
[INFO] [stdout] 249 | |     [8, radix_8_wide, radix_8_narrow, butterfly8]
[INFO] [stdout] 250 | | }
[INFO] [stdout]     | |_- in this macro invocation
[INFO] [stdout]     |
[INFO] [stdout]     = note: this error originates in a macro (in Nightly builds, run with -Z macro-backtrace for more info)
[INFO] [stdout] 
[INFO] [stdout] 
[INFO] [stdout] error: unexpected token
[INFO] [stdout]    --> /opt/rustwide/cargo-home/registry/src/github.com-1ecc6299db9ec823/fourier-0.1.0/src/autosort/prime_factor.rs:177:45
[INFO] [stdout]     |
[INFO] [stdout] 177 |                           scratch = $butterfly!($type, scratch, _forward);
[INFO] [stdout]     |                                               ^
[INFO] [stdout] ...
[INFO] [stdout] 245 | / make_radix_fns! {
[INFO] [stdout] 246 | |     [2, radix_2_wide, radix_2_narrow, butterfly2],
[INFO] [stdout] 247 | |     [3, radix_3_wide, radix_3_narrow, butterfly3],
[INFO] [stdout] 248 | |     [4, radix_4_wide, radix_4_narrow, butterfly4],
[INFO] [stdout] 249 | |     [8, radix_8_wide, radix_8_narrow, butterfly8]
[INFO] [stdout] 250 | | }
[INFO] [stdout]     | |_- in this macro invocation
[INFO] [stdout]     |
[INFO] [stdout]     = note: this error originates in a macro (in Nightly builds, run with -Z macro-backtrace for more info)
[INFO] [stdout] 
[INFO] [stdout] 
[INFO] [stdout] error: unexpected token
[INFO] [stdout]    --> /opt/rustwide/cargo-home/registry/src/github.com-1ecc6299db9ec823/fourier-0.1.0/src/autosort/prime_factor.rs:177:45
[INFO] [stdout]     |
[INFO] [stdout] 177 |                           scratch = $butterfly!($type, scratch, _forward);
[INFO] [stdout]     |                                               ^
[INFO] [stdout] ...
[INFO] [stdout] 245 | / make_radix_fns! {
[INFO] [stdout] 246 | |     [2, radix_2_wide, radix_2_narrow, butterfly2],
[INFO] [stdout] 247 | |     [3, radix_3_wide, radix_3_narrow, butterfly3],
[INFO] [stdout] 248 | |     [4, radix_4_wide, radix_4_narrow, butterfly4],
[INFO] [stdout] 249 | |     [8, radix_8_wide, radix_8_narrow, butterfly8]
[INFO] [stdout] 250 | | }
[INFO] [stdout]     | |_- in this macro invocation
[INFO] [stdout]     |
[INFO] [stdout]     = note: this error originates in a macro (in Nightly builds, run with -Z macro-backtrace for more info)
[INFO] [stdout] 
[INFO] [stdout] 
[INFO] [stdout] error: unexpected token
[INFO] [stdout]    --> /opt/rustwide/cargo-home/registry/src/github.com-1ecc6299db9ec823/fourier-0.1.0/src/autosort/prime_factor.rs:177:45
[INFO] [stdout]     |
[INFO] [stdout] 177 |                           scratch = $butterfly!($type, scratch, _forward);
[INFO] [stdout]     |                                               ^
[INFO] [stdout] ...
[INFO] [stdout] 245 | / make_radix_fns! {
[INFO] [stdout] 246 | |     [2, radix_2_wide, radix_2_narrow, butterfly2],
[INFO] [stdout] 247 | |     [3, radix_3_wide, radix_3_narrow, butterfly3],
[INFO] [stdout] 248 | |     [4, radix_4_wide, radix_4_narrow, butterfly4],
[INFO] [stdout] 249 | |     [8, radix_8_wide, radix_8_narrow, butterfly8]
[INFO] [stdout] 250 | | }
[INFO] [stdout]     | |_- in this macro invocation
[INFO] [stdout]     |
[INFO] [stdout]     = note: this error originates in a macro (in Nightly builds, run with -Z macro-backtrace for more info)
[INFO] [stdout] 
[INFO] [stdout] 
[INFO] [stdout] error: unexpected token
[INFO] [stdout]    --> /opt/rustwide/cargo-home/registry/src/github.com-1ecc6299db9ec823/fourier-0.1.0/src/autosort/prime_factor.rs:177:45
[INFO] [stdout]     |
[INFO] [stdout] 177 |                           scratch = $butterfly!($type, scratch, _forward);
[INFO] [stdout]     |                                               ^
[INFO] [stdout] ...
[INFO] [stdout] 245 | / make_radix_fns! {
[INFO] [stdout] 246 | |     [2, radix_2_wide, radix_2_narrow, butterfly2],
[INFO] [stdout] 247 | |     [3, radix_3_wide, radix_3_narrow, butterfly3],
[INFO] [stdout] 248 | |     [4, radix_4_wide, radix_4_narrow, butterfly4],
[INFO] [stdout] 249 | |     [8, radix_8_wide, radix_8_narrow, butterfly8]
[INFO] [stdout] 250 | | }
[INFO] [stdout]     | |_- in this macro invocation
[INFO] [stdout]     |
[INFO] [stdout]     = note: this error originates in a macro (in Nightly builds, run with -Z macro-backtrace for more info)
[INFO] [stdout] 
[INFO] [stdout] 
[INFO] [stdout] error: unexpected token
[INFO] [stdout]    --> /opt/rustwide/cargo-home/registry/src/github.com-1ecc6299db9ec823/fourier-0.1.0/src/autosort/prime_factor.rs:177:45
[INFO] [stdout]     |
[INFO] [stdout] 177 |                           scratch = $butterfly!($type, scratch, _forward);
[INFO] [stdout]     |                                               ^
[INFO] [stdout] ...
[INFO] [stdout] 245 | / make_radix_fns! {
[INFO] [stdout] 246 | |     [2, radix_2_wide, radix_2_narrow, butterfly2],
[INFO] [stdout] 247 | |     [3, radix_3_wide, radix_3_narrow, butterfly3],
[INFO] [stdout] 248 | |     [4, radix_4_wide, radix_4_narrow, butterfly4],
[INFO] [stdout] 249 | |     [8, radix_8_wide, radix_8_narrow, butterfly8]
[INFO] [stdout] 250 | | }
[INFO] [stdout]     | |_- in this macro invocation
[INFO] [stdout]     |
[INFO] [stdout]     = note: this error originates in a macro (in Nightly builds, run with -Z macro-backtrace for more info)
[INFO] [stdout] 
[INFO] [stdout] 
[INFO] [stdout] error: unexpected token
[INFO] [stdout]    --> /opt/rustwide/cargo-home/registry/src/github.com-1ecc6299db9ec823/fourier-0.1.0/src/autosort/prime_factor.rs:177:45
[INFO] [stdout]     |
[INFO] [stdout] 177 |                           scratch = $butterfly!($type, scratch, _forward);
[INFO] [stdout]     |                                               ^
[INFO] [stdout] ...
[INFO] [stdout] 245 | / make_radix_fns! {
[INFO] [stdout] 246 | |     [2, radix_2_wide, radix_2_narrow, butterfly2],
[INFO] [stdout] 247 | |     [3, radix_3_wide, radix_3_narrow, butterfly3],
[INFO] [stdout] 248 | |     [4, radix_4_wide, radix_4_narrow, butterfly4],
[INFO] [stdout] 249 | |     [8, radix_8_wide, radix_8_narrow, butterfly8]
[INFO] [stdout] 250 | | }
[INFO] [stdout]     | |_- in this macro invocation
[INFO] [stdout]     |
[INFO] [stdout]     = note: this error originates in a macro (in Nightly builds, run with -Z macro-backtrace for more info)
[INFO] [stdout] 
[INFO] [stdout] 
[INFO] [stdout] error: unexpected token
[INFO] [stdout]    --> /opt/rustwide/cargo-home/registry/src/github.com-1ecc6299db9ec823/fourier-0.1.0/src/autosort/prime_factor.rs:177:45
[INFO] [stdout]     |
[INFO] [stdout] 177 |                           scratch = $butterfly!($type, scratch, _forward);
[INFO] [stdout]     |                                               ^
[INFO] [stdout] ...
[INFO] [stdout] 245 | / make_radix_fns! {
[INFO] [stdout] 246 | |     [2, radix_2_wide, radix_2_narrow, butterfly2],
[INFO] [stdout] 247 | |     [3, radix_3_wide, radix_3_narrow, butterfly3],
[INFO] [stdout] 248 | |     [4, radix_4_wide, radix_4_narrow, butterfly4],
[INFO] [stdout] 249 | |     [8, radix_8_wide, radix_8_narrow, butterfly8]
[INFO] [stdout] 250 | | }
[INFO] [stdout]     | |_- in this macro invocation
[INFO] [stdout]     |
[INFO] [stdout]     = note: this error originates in a macro (in Nightly builds, run with -Z macro-backtrace for more info)
[INFO] [stdout] 
[INFO] [stdout] 
[INFO] [stdout] error: unexpected token
[INFO] [stdout]    --> /opt/rustwide/cargo-home/registry/src/github.com-1ecc6299db9ec823/fourier-0.1.0/src/autosort/prime_factor.rs:177:45
[INFO] [stdout]     |
[INFO] [stdout] 177 |                           scratch = $butterfly!($type, scratch, _forward);
[INFO] [stdout]     |                                               ^
[INFO] [stdout] ...
[INFO] [stdout] 245 | / make_radix_fns! {
[INFO] [stdout] 246 | |     [2, radix_2_wide, radix_2_narrow, butterfly2],
[INFO] [stdout] 247 | |     [3, radix_3_wide, radix_3_narrow, butterfly3],
[INFO] [stdout] 248 | |     [4, radix_4_wide, radix_4_narrow, butterfly4],
[INFO] [stdout] 249 | |     [8, radix_8_wide, radix_8_narrow, butterfly8]
[INFO] [stdout] 250 | | }
[INFO] [stdout]     | |_- in this macro invocation
[INFO] [stdout]     |
[INFO] [stdout]     = note: this error originates in a macro (in Nightly builds, run with -Z macro-backtrace for more info)
[INFO] [stdout] 
[INFO] [stdout] 
[INFO] [stdout] error: unexpected token
[INFO] [stdout]    --> /opt/rustwide/cargo-home/registry/src/github.com-1ecc6299db9ec823/fourier-0.1.0/src/autosort/prime_factor.rs:177:45
[INFO] [stdout]     |
[INFO] [stdout] 177 |                           scratch = $butterfly!($type, scratch, _forward);
[INFO] [stdout]     |                                               ^
[INFO] [stdout] ...
[INFO] [stdout] 245 | / make_radix_fns! {
[INFO] [stdout] 246 | |     [2, radix_2_wide, radix_2_narrow, butterfly2],
[INFO] [stdout] 247 | |     [3, radix_3_wide, radix_3_narrow, butterfly3],
[INFO] [stdout] 248 | |     [4, radix_4_wide, radix_4_narrow, butterfly4],
[INFO] [stdout] 249 | |     [8, radix_8_wide, radix_8_narrow, butterfly8]
[INFO] [stdout] 250 | | }
[INFO] [stdout]     | |_- in this macro invocation
[INFO] [stdout]     |
[INFO] [stdout]     = note: this error originates in a macro (in Nightly builds, run with -Z macro-backtrace for more info)
[INFO] [stdout] 
[INFO] [stdout] 
[INFO] [stdout] error: unexpected token
[INFO] [stdout]    --> /opt/rustwide/cargo-home/registry/src/github.com-1ecc6299db9ec823/fourier-0.1.0/src/autosort/prime_factor.rs:177:45
[INFO] [stdout]     |
[INFO] [stdout] 177 |                           scratch = $butterfly!($type, scratch, _forward);
[INFO] [stdout]     |                                               ^
[INFO] [stdout] ...
[INFO] [stdout] 245 | / make_radix_fns! {
[INFO] [stdout] 246 | |     [2, radix_2_wide, radix_2_narrow, butterfly2],
[INFO] [stdout] 247 | |     [3, radix_3_wide, radix_3_narrow, butterfly3],
[INFO] [stdout] 248 | |     [4, radix_4_wide, radix_4_narrow, butterfly4],
[INFO] [stdout] 249 | |     [8, radix_8_wide, radix_8_narrow, butterfly8]
[INFO] [stdout] 250 | | }
[INFO] [stdout]     | |_- in this macro invocation
[INFO] [stdout]     |
[INFO] [stdout]     = note: this error originates in a macro (in Nightly builds, run with -Z macro-backtrace for more info)
[INFO] [stdout] 
[INFO] [stdout] 
[INFO] [stdout] error[E0432]: unresolved import `radix_f32::__multiversion_radix_2_narrow_default`
[INFO] [stdout]    --> /opt/rustwide/cargo-home/registry/src/github.com-1ecc6299db9ec823/fourier-0.1.0/src/autosort/prime_factor.rs:264:29
[INFO] [stdout]     |
[INFO] [stdout] 264 |             use $radix_mod::radix_2_narrow;
[INFO] [stdout]     |                             ^^^^^^^^^^^^^^ no `__multiversion_radix_2_narrow_default` in `autosort::prime_factor::radix_f32`
[INFO] [stdout] ...
[INFO] [stdout] 363 | make_stage_fns! { f32, apply_stages_f32, radix_f32 }
[INFO] [stdout]     | ---------------------------------------------------- in this macro invocation
[INFO] [stdout]     |
[INFO] [stdout]     = note: this error originates in a macro (in Nightly builds, run with -Z macro-backtrace for more info)
[INFO] [stdout] 
[INFO] [stdout] 
[INFO] [stdout] error[E0432]: unresolved import `radix_f32::__multiversion_radix_2_wide_default`
[INFO] [stdout]    --> /opt/rustwide/cargo-home/registry/src/github.com-1ecc6299db9ec823/fourier-0.1.0/src/autosort/prime_factor.rs:266:29
[INFO] [stdout]     |
[INFO] [stdout] 266 |             use $radix_mod::radix_2_wide;
[INFO] [stdout]     |                             ^^^^^^^^^^^^ no `__multiversion_radix_2_wide_default` in `autosort::prime_factor::radix_f32`
[INFO] [stdout] ...
[INFO] [stdout] 363 | make_stage_fns! { f32, apply_stages_f32, radix_f32 }
[INFO] [stdout]     | ---------------------------------------------------- in this macro invocation
[INFO] [stdout]     |
[INFO] [stdout]     = note: this error originates in a macro (in Nightly builds, run with -Z macro-backtrace for more info)
[INFO] [stdout] 
[INFO] [stdout] 
[INFO] [stdout] error[E0432]: unresolved import `radix_f32::__multiversion_radix_3_narrow_default`
[INFO] [stdout]    --> /opt/rustwide/cargo-home/registry/src/github.com-1ecc6299db9ec823/fourier-0.1.0/src/autosort/prime_factor.rs:268:29
[INFO] [stdout]     |
[INFO] [stdout] 268 |             use $radix_mod::radix_3_narrow;
[INFO] [stdout]     |                             ^^^^^^^^^^^^^^ no `__multiversion_radix_3_narrow_default` in `autosort::prime_factor::radix_f32`
[INFO] [stdout] ...
[INFO] [stdout] 363 | make_stage_fns! { f32, apply_stages_f32, radix_f32 }
[INFO] [stdout]     | ---------------------------------------------------- in this macro invocation
[INFO] [stdout]     |
[INFO] [stdout]     = note: this error originates in a macro (in Nightly builds, run with -Z macro-backtrace for more info)
[INFO] [stdout] 
[INFO] [stdout] 
[INFO] [stdout] error[E0432]: unresolved import `radix_f32::__multiversion_radix_3_wide_default`
[INFO] [stdout]    --> /opt/rustwide/cargo-home/registry/src/github.com-1ecc6299db9ec823/fourier-0.1.0/src/autosort/prime_factor.rs:270:29
[INFO] [stdout]     |
[INFO] [stdout] 270 |             use $radix_mod::radix_3_wide;
[INFO] [stdout]     |                             ^^^^^^^^^^^^ no `__multiversion_radix_3_wide_default` in `autosort::prime_factor::radix_f32`
[INFO] [stdout] ...
[INFO] [stdout] 363 | make_stage_fns! { f32, apply_stages_f32, radix_f32 }
[INFO] [stdout]     | ---------------------------------------------------- in this macro invocation
[INFO] [stdout]     |
[INFO] [stdout]     = note: this error originates in a macro (in Nightly builds, run with -Z macro-backtrace for more info)
[INFO] [stdout] 
[INFO] [stdout] 
[INFO] [stdout] error[E0432]: unresolved import `radix_f32::__multiversion_radix_4_narrow_default`
[INFO] [stdout]    --> /opt/rustwide/cargo-home/registry/src/github.com-1ecc6299db9ec823/fourier-0.1.0/src/autosort/prime_factor.rs:272:29
[INFO] [stdout]     |
[INFO] [stdout] 272 |             use $radix_mod::radix_4_narrow;
[INFO] [stdout]     |                             ^^^^^^^^^^^^^^ no `__multiversion_radix_4_narrow_default` in `autosort::prime_factor::radix_f32`
[INFO] [stdout] ...
[INFO] [stdout] 363 | make_stage_fns! { f32, apply_stages_f32, radix_f32 }
[INFO] [stdout]     | ---------------------------------------------------- in this macro invocation
[INFO] [stdout]     |
[INFO] [stdout]     = note: this error originates in a macro (in Nightly builds, run with -Z macro-backtrace for more info)
[INFO] [stdout] 
[INFO] [stdout] 
[INFO] [stdout] error[E0432]: unresolved import `radix_f32::__multiversion_radix_4_wide_default`
[INFO] [stdout]    --> /opt/rustwide/cargo-home/registry/src/github.com-1ecc6299db9ec823/fourier-0.1.0/src/autosort/prime_factor.rs:274:29
[INFO] [stdout]     |
[INFO] [stdout] 274 |             use $radix_mod::radix_4_wide;
[INFO] [stdout]     |                             ^^^^^^^^^^^^ no `__multiversion_radix_4_wide_default` in `autosort::prime_factor::radix_f32`
[INFO] [stdout] ...
[INFO] [stdout] 363 | make_stage_fns! { f32, apply_stages_f32, radix_f32 }
[INFO] [stdout]     | ---------------------------------------------------- in this macro invocation
[INFO] [stdout]     |
[INFO] [stdout]     = note: this error originates in a macro (in Nightly builds, run with -Z macro-backtrace for more info)
[INFO] [stdout] 
[INFO] [stdout] 
[INFO] [stdout] error[E0432]: unresolved import `radix_f32::__multiversion_radix_8_narrow_default`
[INFO] [stdout]    --> /opt/rustwide/cargo-home/registry/src/github.com-1ecc6299db9ec823/fourier-0.1.0/src/autosort/prime_factor.rs:276:29
[INFO] [stdout]     |
[INFO] [stdout] 276 |             use $radix_mod::radix_8_narrow;
[INFO] [stdout]     |                             ^^^^^^^^^^^^^^ no `__multiversion_radix_8_narrow_default` in `autosort::prime_factor::radix_f32`
[INFO] [stdout] ...
[INFO] [stdout] 363 | make_stage_fns! { f32, apply_stages_f32, radix_f32 }
[INFO] [stdout]     | ---------------------------------------------------- in this macro invocation
[INFO] [stdout]     |
[INFO] [stdout]     = note: this error originates in a macro (in Nightly builds, run with -Z macro-backtrace for more info)
[INFO] [stdout] 
[INFO] [stdout] 
[INFO] [stdout] error[E0432]: unresolved import `radix_f32::__multiversion_radix_8_wide_default`
[INFO] [stdout]    --> /opt/rustwide/cargo-home/registry/src/github.com-1ecc6299db9ec823/fourier-0.1.0/src/autosort/prime_factor.rs:278:29
[INFO] [stdout]     |
[INFO] [stdout] 278 |             use $radix_mod::radix_8_wide;
[INFO] [stdout]     |                             ^^^^^^^^^^^^ no `__multiversion_radix_8_wide_default` in `autosort::prime_factor::radix_f32`
[INFO] [stdout] ...
[INFO] [stdout] 363 | make_stage_fns! { f32, apply_stages_f32, radix_f32 }
[INFO] [stdout]     | ---------------------------------------------------- in this macro invocation
[INFO] [stdout]     |
[INFO] [stdout]     = note: this error originates in a macro (in Nightly builds, run with -Z macro-backtrace for more info)
[INFO] [stdout] 
[INFO] [stdout] 
[INFO] [stdout] error[E0432]: unresolved import `radix_f32`
[INFO] [stdout]    --> /opt/rustwide/cargo-home/registry/src/github.com-1ecc6299db9ec823/fourier-0.1.0/src/autosort/prime_factor.rs:255:9
[INFO] [stdout]     |
[INFO] [stdout] 255 |         #[multiversion::target_clones("[x86|x86_64]+avx")]
[INFO] [stdout]     |         ^^^^^^^^^^^^^^^^^^^^^^^^^^^^^^^^^^^^^^^^^^^^^^^^^^ no `__multiversion_radix_2_narrow_feature_avx` in `autosort::prime_factor::radix_f32`
[INFO] [stdout] 
[INFO] [stdout] 
[INFO] [stdout] error[E0432]: unresolved import `radix_f64::__multiversion_radix_2_narrow_default`
[INFO] [stdout]    --> /opt/rustwide/cargo-home/registry/src/github.com-1ecc6299db9ec823/fourier-0.1.0/src/autosort/prime_factor.rs:264:29
[INFO] [stdout]     |
[INFO] [stdout] 264 |             use $radix_mod::radix_2_narrow;
[INFO] [stdout]     |                             ^^^^^^^^^^^^^^ no `__multiversion_radix_2_narrow_default` in `autosort::prime_factor::radix_f64`
[INFO] [stdout] ...
[INFO] [stdout] 364 | make_stage_fns! { f64, apply_stages_f64, radix_f64 }
[INFO] [stdout]     | ---------------------------------------------------- in this macro invocation
[INFO] [stdout]     |
[INFO] [stdout]     = note: this error originates in a macro (in Nightly builds, run with -Z macro-backtrace for more info)
[INFO] [stdout] 
[INFO] [stdout] 
[INFO] [stdout] error[E0432]: unresolved import `radix_f64::__multiversion_radix_2_wide_default`
[INFO] [stdout]    --> /opt/rustwide/cargo-home/registry/src/github.com-1ecc6299db9ec823/fourier-0.1.0/src/autosort/prime_factor.rs:266:29
[INFO] [stdout]     |
[INFO] [stdout] 266 |             use $radix_mod::radix_2_wide;
[INFO] [stdout]     |                             ^^^^^^^^^^^^ no `__multiversion_radix_2_wide_default` in `autosort::prime_factor::radix_f64`
[INFO] [stdout] ...
[INFO] [stdout] 364 | make_stage_fns! { f64, apply_stages_f64, radix_f64 }
[INFO] [stdout]     | ---------------------------------------------------- in this macro invocation
[INFO] [stdout]     |
[INFO] [stdout]     = note: this error originates in a macro (in Nightly builds, run with -Z macro-backtrace for more info)
[INFO] [stdout] 
[INFO] [stdout] 
[INFO] [stdout] error[E0432]: unresolved import `radix_f64::__multiversion_radix_3_narrow_default`
[INFO] [stdout]    --> /opt/rustwide/cargo-home/registry/src/github.com-1ecc6299db9ec823/fourier-0.1.0/src/autosort/prime_factor.rs:268:29
[INFO] [stdout]     |
[INFO] [stdout] 268 |             use $radix_mod::radix_3_narrow;
[INFO] [stdout]     |                             ^^^^^^^^^^^^^^ no `__multiversion_radix_3_narrow_default` in `autosort::prime_factor::radix_f64`
[INFO] [stdout] ...
[INFO] [stdout] 364 | make_stage_fns! { f64, apply_stages_f64, radix_f64 }
[INFO] [stdout]     | ---------------------------------------------------- in this macro invocation
[INFO] [stdout]     |
[INFO] [stdout]     = note: this error originates in a macro (in Nightly builds, run with -Z macro-backtrace for more info)
[INFO] [stdout] 
[INFO] [stdout] 
[INFO] [stdout] error[E0432]: unresolved import `radix_f64::__multiversion_radix_3_wide_default`
[INFO] [stdout]    --> /opt/rustwide/cargo-home/registry/src/github.com-1ecc6299db9ec823/fourier-0.1.0/src/autosort/prime_factor.rs:270:29
[INFO] [stdout]     |
[INFO] [stdout] 270 |             use $radix_mod::radix_3_wide;
[INFO] [stdout]     |                             ^^^^^^^^^^^^ no `__multiversion_radix_3_wide_default` in `autosort::prime_factor::radix_f64`
[INFO] [stdout] ...
[INFO] [stdout] 364 | make_stage_fns! { f64, apply_stages_f64, radix_f64 }
[INFO] [stdout]     | ---------------------------------------------------- in this macro invocation
[INFO] [stdout]     |
[INFO] [stdout]     = note: this error originates in a macro (in Nightly builds, run with -Z macro-backtrace for more info)
[INFO] [stdout] 
[INFO] [stdout] 
[INFO] [stdout] error[E0432]: unresolved import `radix_f64::__multiversion_radix_4_narrow_default`
[INFO] [stdout]    --> /opt/rustwide/cargo-home/registry/src/github.com-1ecc6299db9ec823/fourier-0.1.0/src/autosort/prime_factor.rs:272:29
[INFO] [stdout]     |
[INFO] [stdout] 272 |             use $radix_mod::radix_4_narrow;
[INFO] [stdout]     |                             ^^^^^^^^^^^^^^ no `__multiversion_radix_4_narrow_default` in `autosort::prime_factor::radix_f64`
[INFO] [stdout] ...
[INFO] [stdout] 364 | make_stage_fns! { f64, apply_stages_f64, radix_f64 }
[INFO] [stdout]     | ---------------------------------------------------- in this macro invocation
[INFO] [stdout]     |
[INFO] [stdout]     = note: this error originates in a macro (in Nightly builds, run with -Z macro-backtrace for more info)
[INFO] [stdout] 
[INFO] [stdout] 
[INFO] [stdout] error[E0432]: unresolved import `radix_f64::__multiversion_radix_4_wide_default`
[INFO] [stdout]    --> /opt/rustwide/cargo-home/registry/src/github.com-1ecc6299db9ec823/fourier-0.1.0/src/autosort/prime_factor.rs:274:29
[INFO] [stdout]     |
[INFO] [stdout] 274 |             use $radix_mod::radix_4_wide;
[INFO] [stdout]     |                             ^^^^^^^^^^^^ no `__multiversion_radix_4_wide_default` in `autosort::prime_factor::radix_f64`
[INFO] [stdout] ...
[INFO] [stdout] 364 | make_stage_fns! { f64, apply_stages_f64, radix_f64 }
[INFO] [stdout]     | ---------------------------------------------------- in this macro invocation
[INFO] [stdout]     |
[INFO] [stdout]     = note: this error originates in a macro (in Nightly builds, run with -Z macro-backtrace for more info)
[INFO] [stdout] 
[INFO] [stdout] 
[INFO] [stdout] error[E0432]: unresolved import `radix_f64::__multiversion_radix_8_narrow_default`
[INFO] [stdout]    --> /opt/rustwide/cargo-home/registry/src/github.com-1ecc6299db9ec823/fourier-0.1.0/src/autosort/prime_factor.rs:276:29
[INFO] [stdout]     |
[INFO] [stdout] 276 |             use $radix_mod::radix_8_narrow;
[INFO] [stdout]     |                             ^^^^^^^^^^^^^^ no `__multiversion_radix_8_narrow_default` in `autosort::prime_factor::radix_f64`
[INFO] [stdout] ...
[INFO] [stdout] 364 | make_stage_fns! { f64, apply_stages_f64, radix_f64 }
[INFO] [stdout]     | ---------------------------------------------------- in this macro invocation
[INFO] [stdout]     |
[INFO] [stdout]     = note: this error originates in a macro (in Nightly builds, run with -Z macro-backtrace for more info)
[INFO] [stdout] 
[INFO] [stdout] 
[INFO] [stdout] error[E0432]: unresolved import `radix_f64::__multiversion_radix_8_wide_default`
[INFO] [stdout]    --> /opt/rustwide/cargo-home/registry/src/github.com-1ecc6299db9ec823/fourier-0.1.0/src/autosort/prime_factor.rs:278:29
[INFO] [stdout]     |
[INFO] [stdout] 278 |             use $radix_mod::radix_8_wide;
[INFO] [stdout]     |                             ^^^^^^^^^^^^ no `__multiversion_radix_8_wide_default` in `autosort::prime_factor::radix_f64`
[INFO] [stdout] ...
[INFO] [stdout] 364 | make_stage_fns! { f64, apply_stages_f64, radix_f64 }
[INFO] [stdout]     | ---------------------------------------------------- in this macro invocation
[INFO] [stdout]     |
[INFO] [stdout]     = note: this error originates in a macro (in Nightly builds, run with -Z macro-backtrace for more info)
[INFO] [stdout] 
[INFO] [stdout] 
[INFO] [stdout] error: aborting due to 33 previous errors
[INFO] [stdout] 
[INFO] [stdout] 
[INFO] [stdout] For more information about this error, try `rustc --explain E0432`.
[INFO] [stdout] 
[INFO] [stderr] error: could not compile `fourier`.
[INFO] [stderr] 
[INFO] [stderr] To learn more, run the command again with --verbose.
[INFO] [stderr] warning: build failed, waiting for other jobs to finish...
[INFO] [stderr] error: build failed
[INFO] running `Command { std: "docker" "inspect" "96aead0f1b2be81c3993d350562e452b052321c4ad0ecc1751691d01bae00b78", kill_on_drop: false }`
[INFO] running `Command { std: "docker" "rm" "-f" "96aead0f1b2be81c3993d350562e452b052321c4ad0ecc1751691d01bae00b78", kill_on_drop: false }`
[INFO] [stdout] 96aead0f1b2be81c3993d350562e452b052321c4ad0ecc1751691d01bae00b78
